{"id":277,"date":"2018-05-23T12:41:22","date_gmt":"2018-05-23T12:41:22","guid":{"rendered":"http:\/\/braunfoto.de\/?post_type=product&#038;p=277"},"modified":"2024-05-01T21:29:43","modified_gmt":"2024-05-01T21:29:43","slug":"bestfriends-fotoshooting-mit-foto-makeup","status":"publish","type":"product","link":"https:\/\/fotobraun.de\/?product=bestfriends-fotoshooting-mit-foto-makeup","title":{"rendered":"Bestfriends Fotoshooting mit Foto Makeup"},"content":{"rendered":"<h2>Bestfriends Fotoshooting mit Foto Makeup\u00a0im Loft Studio Braun in Metzingen<\/h2>\n<p>Du wolltest schon immer mal mit Deinem besten Freund oder Deiner besten Freundin ein paar tolle Bilder machen lassen? Dann macht euch auf nach Metzingen und lasst Erinnerungen f\u00fcr die Ewigkeit entstehen bei Eurem Bestfriends-Fotoshooting.<\/p>\n<p>Heute solltet Ihr Euch von eurer Schokoladenseite zeigen! Im Studio angekommen werdet Ihr freundlich begr\u00fc\u00dft und bei einem Sektempfang wird der Ablauf des Shootings besprochen. Das Fotoshooting ist im Freilicht-Naturfotostudio oder outdoor m\u00f6glich, das k\u00f6nnt Ihr selbst entscheiden. Eine Beratung des Stylings und Outfits mit digital Make-up ist nat\u00fcrlich inklusive und Ihr werdet Euch wie richtige Models f\u00fchlen. Um die Fotos noch etwas aufzupeppen bekommt Ihr eine breite Auswahl an passenden Accessoires aus dem Fundus des Studios und dann kann es auch schon losgehen.<\/p>\n","protected":false},"excerpt":{"rendered":"<p>Gutschein f\u00fcr Shooting mit ca. 150 Aufnahmen, bis zu drei Aufnahemeoptionen oder Outfits, incl. digital Make-up<br \/>\nm\u00f6gliche Aufnahmearten: Portrait, Fashion &amp; Bademode<\/p>\n<p><a href=\"https:\/\/fotobraun.de\/?product_cat=zusatzoptionen-beim-shooting\">Weitere Zusatzoptionen zu deinem Shooting<\/a><\/p>\n<p>Terminvereinbarung\u00a0indem Sie auf<a href=\"https:\/\/fotobraun.de\/?page_id=237\"><strong> TERMINE DIREKT BUCHEN<\/strong><\/a> klicken oder bei uns anrufen.<br \/>\nSie k\u00f6nnen einen Termin zum Fotoshooting sofort vereinbaren oder auch sp\u00e4ter. Sie haben gen\u00fcgend Zeit zur Verf\u00fcgung denn dieser Gutschein verf\u00e4llt erst nach 2 Jahren.<\/p>\n<p>Der <b>Umtausch<\/b> <b>in ein anderes Fotoshooting<\/b> aus unserem Angebot ist jederzeit ohne zus\u00e4tzliche Geb\u00fchr m\u00f6glich.<br \/>\nWeitere Infos zum Ablauf Ihres Fotoshooting <a href=\"http:\/\/braunfoto.de\/?page_id=134\">Fragen &amp; Antworten FAQ<\/a><\/p>\n<p>&nbsp;<\/p>\n","protected":false},"featured_media":283,"comment_status":"open","ping_status":"closed","template":"","meta":{"site-sidebar-layout":"default","site-content-layout":"","ast-site-content-layout":"","site-content-style":"default","site-sidebar-style":"default","ast-global-header-display":"","ast-banner-title-visibility":"","ast-main-header-display":"","ast-hfb-above-header-display":"","ast-hfb-below-header-display":"","ast-hfb-mobile-header-display":"","site-post-title":"","ast-breadcrumbs-content":"","ast-featured-img":"","footer-sml-layout":"","theme-transparent-header-meta":"","adv-header-id-meta":"","stick-header-meta":"","header-above-stick-meta":"","header-main-stick-meta":"","header-below-stick-meta":"","astra-migrate-meta-layouts":"default","ast-page-background-enabled":"default","ast-page-background-meta":{"desktop":{"background-color":"var(--ast-global-color-4)","background-image":"","background-repeat":"repeat","background-position":"center center","background-size":"auto","background-attachment":"scroll","background-type":"","background-media":"","overlay-type":"","overlay-color":"","overlay-opacity":"","overlay-gradient":""},"tablet":{"background-color":"","background-image":"","background-repeat":"repeat","background-position":"center center","background-size":"auto","background-attachment":"scroll","background-type":"","background-media":"","overlay-type":"","overlay-color":"","overlay-opacity":"","overlay-gradient":""},"mobile":{"background-color":"","background-image":"","background-repeat":"repeat","background-position":"center center","background-size":"auto","background-attachment":"scroll","background-type":"","background-media":"","overlay-type":"","overlay-color":"","overlay-opacity":"","overlay-gradient":""}},"ast-content-background-meta":{"desktop":{"background-color":"var(--ast-global-color-5)","background-image":"","background-repeat":"repeat","background-position":"center center","background-size":"auto","background-attachment":"scroll","background-type":"","background-media":"","overlay-type":"","overlay-color":"","overlay-opacity":"","overlay-gradient":""},"tablet":{"background-color":"var(--ast-global-color-5)","background-image":"","background-repeat":"repeat","background-position":"center center","background-size":"auto","background-attachment":"scroll","background-type":"","background-media":"","overlay-type":"","overlay-color":"","overlay-opacity":"","overlay-gradient":""},"mobile":{"background-color":"var(--ast-global-color-5)","background-image":"","background-repeat":"repeat","background-position":"center center","background-size":"auto","background-attachment":"scroll","background-type":"","background-media":"","overlay-type":"","overlay-color":"","overlay-opacity":"","overlay-gradient":""}}},"product_brand":[],"product_cat":[52,16,39,42],"product_tag":[],"class_list":{"0":"post-277","1":"product","2":"type-product","3":"status-publish","4":"has-post-thumbnail","6":"product_cat-freunde-foto-love-fuer-zwei","7":"product_cat-fotoshootings","8":"product_cat-1beautyfashion","9":"product_cat-3top-specilaties","10":"product_shipping_class-versandpauschale","11":"desktop-align-left","12":"tablet-align-left","13":"mobile-align-left","15":"first","16":"instock","17":"taxable","18":"shipping-taxable","19":"purchasable","20":"product-type-simple"},"_links":{"self":[{"href":"https:\/\/fotobraun.de\/index.php?rest_route=\/wp\/v2\/product\/277"}],"collection":[{"href":"https:\/\/fotobraun.de\/index.php?rest_route=\/wp\/v2\/product"}],"about":[{"href":"https:\/\/fotobraun.de\/index.php?rest_route=\/wp\/v2\/types\/product"}],"replies":[{"embeddable":true,"href":"https:\/\/fotobraun.de\/index.php?rest_route=%2Fwp%2Fv2%2Fcomments&post=277"}],"version-history":[{"count":3,"href":"https:\/\/fotobraun.de\/index.php?rest_route=\/wp\/v2\/product\/277\/revisions"}],"predecessor-version":[{"id":1479,"href":"https:\/\/fotobraun.de\/index.php?rest_route=\/wp\/v2\/product\/277\/revisions\/1479"}],"wp:featuredmedia":[{"embeddable":true,"href":"https:\/\/fotobraun.de\/index.php?rest_route=\/wp\/v2\/media\/283"}],"wp:attachment":[{"href":"https:\/\/fotobraun.de\/index.php?rest_route=%2Fwp%2Fv2%2Fmedia&parent=277"}],"wp:term":[{"taxonomy":"product_brand","embeddable":true,"href":"https:\/\/fotobraun.de\/index.php?rest_route=%2Fwp%2Fv2%2Fproduct_brand&post=277"},{"taxonomy":"product_cat","embeddable":true,"href":"https:\/\/fotobraun.de\/index.php?rest_route=%2Fwp%2Fv2%2Fproduct_cat&post=277"},{"taxonomy":"product_tag","embeddable":true,"href":"https:\/\/fotobraun.de\/index.php?rest_route=%2Fwp%2Fv2%2Fproduct_tag&post=277"}],"curies":[{"name":"wp","href":"https:\/\/api.w.org\/{rel}","templated":true}]}}